l(y) = -y**3 + 9*y**2 - 3*y + 16. Give l(9).
-11
Let k(m) = -m**2 - 2. Determine k(0).
-2
Let j(q) = -2*q**2 + q. Calculate j(-2).
-10
Let l(i) = i**3 - 27*i**2 - 87*i - 95. Calculate l(30).
-5
Let u(v) = v**2 + 35*v - 622. Determine u(13).
2
Let m(p) = -p**3 + 9*p**2 - 3*p + 12. Give m(9).
-15
Let h(j) = -j**3 + 22*j**2 + 49*j - 20. Give h(24).
4
Let r(g) = -157*g + 947. Determine r(6).
5
Let p(n) = -4*n**2 + 14*n + 3. Calculate p(4).
-5
Let r(d) = -d**2 + 8*d + 16. What is r(11)?
-17
Let j(q) = 2*q - 5. Give j(-2).
-9
Let j(o) = o**3 - 10*o**2 - 40*o + 31. Determine j(13).
18
Let r(k) = k**3 - 4*k**2 + 4*k - 6. What is r(5)?
39
Let g(r) = r**2 - 13*r - 1. What is g(6)?
-43
Let m(x) = x**2 + 9*x + 23. What is m(-7)?
9
Let g(r) = -r - 5. Give g(5).
-10
Let m(a) = -a + 7. Determine m(-6).
13
Let m(n) = -n**3 - 9*n**2 + 10*n - 7. Give m(-10).
-7
Let f(z) = -z**3 - 11*z**2 + 10*z - 8. Give f(-12).
16
Let i(r) = 2*r - 4. Calculate i(-2).
-8
Let f(q) = -8*q + 4. Calculate f(-2).
20
Let u(w) = 4*w**2 + 30*w - 11. Give u(-8).
5
Let z(w) = w + 11. What is z(-11)?
0
Let l(r) = -r - 10. Give l(3).
-13
Let d(t) = 9*t - 22. Give d(8).
50
Let h(k) = 42*k**3 - 2*k**2 + 2*k. Calculate h(1).
42
Let n(z) = -2*z**3 + 72*z**2 + z - 44. Give n(36).
-8
Let i(m) = -2*m**3 + 2*m**2 - m. Determine i(1).
-1
Let j(q) = 17*q + 132. Calculate j(-6).
30
Let d(g) = g**2 + 13*g + 1. Calculate d(-10).
-29
Let d(v) = 12*v + 2. Calculate d(2).
26
Let p(t) = t**3 + 7*t**2 + t - 2. Determine p(-7).
-9
Let d(f) = f + 12. Calculate d(-7).
5
Let g(f) = -f**2 + 2*f + 11. Determine g(-3).
-4
Let s(a) = 2*a**2 - 34*a - 3. Give s(17).
-3
Let m(v) = 27*v**2 + 3*v - 1. Give m(-1).
23
Let x(i) = -2*i**3 - 9*i**2 - 3*i - 1. Give x(-4).
-5
Let s(i) = -2*i**2 + 8*i + 6. Determine s(5).
-4
Let q(g) = -g**3 - 5*g**2 + 8*g + 5. What is q(-6)?
-7
Let i(u) = 11*u - 3. Calculate i(-4).
-47
Let a(t) = t**2 - 21*t + 110. Determine a(13).
6
Let q(v) = -8*v**2 + 102*v + 31. Give q(13).
5
Let v(k) = -6*k + 15. Calculate v(3).
-3
Let k(q) = q**3 - 35*q**2 + 3*q - 117. Give k(35).
-12
Let w(b) = b + 24. What is w(-11)?
13
Let h(x) = x**2 - x + 7. Give h(0).
7
Let f(j) = -j + 23. Calculate f(14).
9
Let p(f) = f**3 + f**2 - f + 1. Determine p(-2).
-1
Let n(k) = -k**3 + k**2 - k - 7. What is n(-2)?
7
Let h(y) = -y**2 - 2*y - 1. Determine h(-4).
-9
Let d(f) = f**3 + 14*f**2 + 12*f - 16. Determine d(-13).
-3
Let q(w) = 9*w**2 - 3*w - 1. What is q(-2)?
41
Let s(t) = -13*t**2 - 42*t + 6. Calculate s(-4).
-34
Let s(q) = 9*q - 5. What is s(1)?
4
Let c(w) = -2*w**2 - 8*w - 8. Determine c(-5).
-18
Let u(k) = k**3 + 10*k**2 + 8*k - 11. Give u(-9).
-2
Let c(i) = -i**3 - 14*i**2 - 14*i - 27. Calculate c(-13).
-14
Let m(d) = -d**3 - 6*d**2 - 11*d - 13. Calculate m(-6).
53
Let p(v) = 19*v + 16. Calculate p(-4).
-60
Let s(v) = v**3 + 3*v**2 - 26*v - 4. Calculate s(-6).
44
Let t(i) = i + 73. Calculate t(15).
88
Let s(w) = -16*w + 125. Calculate s(8).
-3
Let j(g) = g**2 - 3*g - 2. Determine j(3).
-2
Let r(z) = 16*z + 164. What is r(-10)?
4
Let q(a) = -a**2 + a - 7. Determine q(-5).
-37
Let t(o) = 4*o + 4. Determine t(0).
4
Let c(q) = -12*q + 468. Give c(39).
0
Let z(q) = q**2 + 10*q + 9. Give z(-10).
9
Let z(w) = -w**3 - 16*w**2 - 3*w + 18. Calculate z(-16).
66
Let c(d) = -25*d**3 + 2*d**2 - d. Determine c(1).
-24
Let k(f) = 3*f + 72. Determine k(0).
72
Let f(z) = 3*z**2 + 2*z - 1. Calculate f(-4).
39
Let q(l) = -l**2 + 13*l + 12. Give q(12).
24
Let g(a) = -14*a**2 + 2*a + 12. Determine g(-3).
-120
Let o(i) = -i**3 + 3*i**2 + 7*i + 12. Give o(5).
-3
Let v(x) = 13*x - 20. Calculate v(-5).
-85
Let t(m) = m**3 + 16*m**2 - m - 12. Calculate t(-16).
4
Let a(f) = 30*f - 129. Give a(4).
-9
Let u(s) = 3*s**2 + 13*s + 4. What is u(-4)?
0
Let m(f) = f**2 + 15*f + 6. Give m(-10).
-44
Let o(s) = s**3 + s**2 - 3*s + 4. Give o(-3).
-5
Let i(x) = x**3 - 4*x**2 + 4*x - 5. Give i(4).
11
Let z(s) = -4*s**3 + 3*s - 4. Give z(2).
-30
Let q(i) = -8*i. What is q(-4)?
32
Let h(p) = 5*p**2 + 3*p + 1. Give h(3).
55
Let u(r) = r + 9. Determine u(-11).
-2
Let l(g) = 8*g**2 + 45*g - 12. Give l(-6).
6
Let w(z) = 8*z + 3. Calculate w(-1).
-5
Let d(r) = -2*r**2 + 5*r - 8. Determine d(4).
-20
Let q(w) = -w**3 - 7*w**2 - 4*w + 3. Calculate q(-7).
31
Let a(l) = l - 14. Give a(-9).
-23
Let p(z) = -10*z + 34. What is p(13)?
-96
Let x(k) = k**2 + 8*k. Calculate x(-6).
-12
Let p(w) = w**2 + 6*w - 1. Give p(-7).
6
Let i(n) = n**3 - 16*n**2 + 14*n + 17. What is i(15)?
2
Let p(k) = -26*k + 295. Give p(10).
35
Let z(t) = -2*t + 16. What is z(8)?
0
Let x(z) = z**3 + 12*z**2 + 14*z + 21. What is x(-11)?
-12
Let s(k) = -k**3 - 5*k**2 - 2*k - 3. Give s(-4).
-11
Let n(f) = -f**2 - f + 18. What is n(4)?
-2
Let c(m) = m**2 - 13*m + 39. Give c(5).
-1
Let n(v) = v**2 + 12*v - 2. Determine n(-13).
11
Let m(g) = 6*g + 38. What is m(-7)?
-4
Let x(l) = 3*l. Give x(1).
3
Let x(b) = -b**2 - b - 4. Calculate x(2).
-10
Let x(i) = -2*i**3 - 18*i**2 + 10*i + 12. What is x(-10)?
112
Let a(n) = -n**3 - 4*n**2 - 4*n + 5. Calculate a(-4).
21
Let o(d) = 5*d - 7. Calculate o(4).
13
Let h(m) = m**3 + 12*m**2 + 10. Give h(-12).
10
Let d(h) = -56*h + 336. Calculate d(6).
0
Let c(a) = -a**2 - 6*a - 23. Determine c(-6).
-23
Let x(h) = 6*h - 95. Give x(18).
13
Let o(w) = -w**2 + 6*w + 134. Determine o(-9).
-1
Let v(u) = -2*u**3 + 4*u**2 + 4*u + 5. What is v(4)?
-43
Let o(l) = -l**3 + 7*l**2 - 4*l - 8. What is o(4)?
24
Let w(o) = -2*o - 29. Give w(-16).
3
Let i(n) = 3*n - 81. What is i(29)?
6
Let g(z) = 3*z - 94. Calculate g(25).
-19
Let z(v) = -25*v + 770. Determine z(31).
-5
Let p(h) = -h**3 + h**2 - 5*h + 5. Give p(2).
-9
Let z(c) = -49*c**2. What is z(1)?
-49
Let n(q) = -4*q + 19. What is n(13)?
-33
Let h(w) = -w**3 + 7*w**2 - 5*w + 2. Calculate h(6).
8
Let n(t) = 8*t + 15. What is n(5)?
55
Let n(m) = -3*m**3 + m. What is n(-1)?
2
Let f(t) = t**3 + 12*t**2 + 11*t - 6. Determine f(-11).
-6
Let z(j) = 65*j + 131. Calculate z(-2).
1
Let v(b) = -b**2 - 27*b - 112. What is v(-22)?
-2
Let j(t) = t**3 - 16*t**2 + t - 21. What is j(16)?
-5
Let b(k) = 3*k**2 - k - 17. Determine b(-4).
35
Let d(f) = 6*f + 21. Determine d(-2).
9
Let w(a) = 31*a - 2. Calculate w(2).
60
Let b(q) = q - 32. What is b(4)?
-28
Let k(i) = -6*i + 47. What is k(10)?
-13
Let t(u) = -u**3 + 15*u**2 + 15*u + 21. Give t(16).
5
Let a(g) = -g**3 - 11*g**2 + 6*g + 61. Determine a(-11).
-5
Let h(i) = -12*i - 7. What is h(-1)?
5
Let q(f) = -f**2 - 12*f - 7. Calculate q(-12).
-7
Let l(z) = z**3 + 9*z**2 + 10*z + 3. Give l(-8).
-13
Let z(s) = -s**3 + 5*s**2 + s - 4. Calculate z(4).
16
Let t(o) = -o**3 + 9*o**2 + 9*o + 9. What is t(10)?
-1
Let s(h) = h**2 + 28*h + 4. Determine s(-28).
4
Let h(y) = y**3 + 8*y**2 + 8*y + 10. Determine h(-7).
3
Let r(i) = -27*i + 12. What is r(1)?
-15
Let x(y) = y + 5. Calculate x(-9).
-4
Let j(b) = -b**3 - 9*b**2 - 22*b - 51. Determine j(-6).
-27
Let k(q) = q**3 - 5*q**2 - 1. Calculate k(4).
-17
Let x(m) = m**2 - 7*m + 6. Give x(5).
-4
Let w(j) = -22*j + 7. Calculate w(-8).
183
Let t(v) = v + 1. Calculate t(4).
5
Let y(g) = g**3 - 41*g**2 - 2*g + 86. Determine y(41).
4
Let x(o) = -2*o + 39. What is x(22)?
-5
Let c(r) = 7*r - 2. Give c(5).
33
Let z(i) = -3*i**2 + 4*i + 5. Determine z(4).
-27
Let v(b) = b**2 + 19*b - 18. What is v(-20)?
2
Let s(q) = q**3 + 2*q**2 + q - 3. Determine s(-2).
-5
Let u(c) = 8*c + 49. Give u(-7).
-7
Let u(q) = -9*q - 5. Determine u(-3).
22
Let p(l) = -6*l - 3. Calculate p(-3).
15
Let i(y) = -42*y + 15. Determine i(5).
-195
Let j(o) = 2*o**2 - 79*o + 99. What is j(38)?
-15
Let r(s) = s**2 - 8*s - 14. Give r(10).
6
Let a(f) = f**3 - 7*f**2 + 6*f - 2. Give a(6).
-2
Let g(v) = -v - 14. Determine g(-10).
-4
Let d(g) = -12*g**2 - 2*g - 1. Give d(-1).
-11
Let m(q) = 13*q - 137. Determine m(10).
-7
Let l(r) = r + 8. Determine l(-16).
-8
Let s(g) = 3*g - 61. Determine s(19).
-4
Let y(s) = 2*s + 4. Calculate y(-4).
-4
Let u(k) = k**2 - 22. Give u(-5).
3
Let d(p) = 2*p**2 - 53*p + 50. Give d(26).
24
Let j(i) = -3*i - 51. Give j(-19).
6
Let b(x) = x**3 + 8*x**2 - 6*x + 27. What is b(-9)?
0
Let t(k) = k**3 + 5*k**2 + 8*k + 17. What is t(-4)?
1
Let w(u) = u**3 - 18*u**2 + u - 12. What is w(18)?
6
Let m(i) = 5*i**3 - i**2 + 2*i - 1. Calculate m(2).
39
Let w(d) = d**3 - 2*d**2 + 1. Give w(0).
